t q(f) = 59655*f + 2777. Is q(18) a composite number?
True
Is (-17439 - 21/(-1))*74/(-12) prime?
False
Let d(h) = -90 - 15*h - 2 + 5*h**2 + 11*h. Is d(-11) prime?
True
Suppose 92*f - 8879 = -o + 91*f, -4*o = 5*f - 35516. Is o a prime number?
False
Let r(f) = f**2 + 7*f + 1. Let n(g) = 7*g - 7. Let i be n(3). Let j(a) = a**2 - 14*a + 6. Let t be j(i). Is r(t) prime?
True
Let v(p) = 959*p**3 - p**2 - 8*p + 35. Is v(3) prime?
False
Let v(y) be the first derivative of 22/3*y**3 - 2*y**2 - 16 - 1/4*y**4 + 10*y. Is v(9) composite?
True
Let l = 10 + -20. Let r be 6/l - (-19835)/(-25). Let j = -541 - r. Is j prime?
False
Let j(d) be the third derivative of -d**6/60 - d**5/60 + 5*d**4/24 + 4663*d**3/6 - 3*d**2 + 24. Is j(0) prime?
True
Let o(q) = -8*q**2 - 35*q + 17. Let w be o(-5). Is (-2 - 20/w)*(-15338)/(-1) a prime number?
True
Let t(f) = 2*f**2 - 3*f - 1796. Let c be t(0). Let k = -1205 - c. Is k a composite number?
True
Let a(b) be the second derivative of -17*b**3/2 + 31*b**2/2 + 34*b. Suppose -2*d = -5*d - 24. Is a(d) composite?
False
Let f(b) = 275*b**2 - 7*b - 3. Let l(k) = -276*k**2 + 6*k + 2. Let v(z) = 3*f(z) + 2*l(z). Is v(4) a composite number?
False
Suppose -4*n = -4*j + 28852, 0 = -j - 2*j + 5*n + 21631. Is j a prime number?
False
Let c = 296555 + -190128. Is c a prime number?
True
Suppose -2*p = 5*l - 111968, 49*l - 54*l + 111973 = -3*p. Is l a composite number?
True
Suppose 16*g - 8676934 - 613098 = 0. Is g a composite number?
False
Suppose 284 = 7*x + 284. Suppose x*w - 190 = -2*w. Is w a prime number?
False
Suppose 15 = -48*l + 53*l. Suppose -l*a - 3*o = -1626, -3*a - 539 = -4*a + 2*o. Is a composite?
False
Suppose 11*g - 30 = 6*g. Suppose 4760 = g*w - 4594. Suppose 4*p + 0*j + 5*j = w, 3*p = -j + 1172. Is p a composite number?
True
Let v = 300 - 296. Suppose -21882 = -2*l + v*b, -165 + 157 = -2*b. Is l prime?
True
Let r = 110365 - -375842. Suppose 33*s = 59151 + r. Is s composite?
True
Let b = 288695 - 140034. Is b a prime number?
False
Let h(j) = 73*j**3 - 49*j**2 + 457*j + 13. Is h(10) composite?
True
Let q(d) = -337*d - 2492. Is q(-9) a composite number?
False
Let d = 187 - -326. Let x = d + -140. Is x prime?
True
Let r be (-1 + 3 - 1)/1*334. Suppose 3*s = 2*s + 5*u - 155, 2*s = -2*u - r. Is (-8)/(-12)*(s/(-6) - -1) prime?
True
Let d be -9 + 7 + -1 + 28. Is ((-41505)/d)/((-6)/10) composite?
False
Let b(j) = -338*j - 15. Suppose a + 1 = -0, -2*a - 35 = u. Let g = 23 + u. Is b(g) prime?
False
Let m(k) = 23*k - 238. Let h be m(28). Suppose 396*c - h*c = -26470. Is c a composite number?
False
Let b be 1*(10 + 0/6). Is (-51716)/(-21) - -2 - b/6 prime?
False
Let n(d) = 13471*d**3 - 16*d**2 + 25*d - 13. Is n(2) a prime number?
True
Let b(m) = 487*m - 138. Let y be b(-25). Let r = y - -19871. Is r prime?
False
Suppose 0 = -4*g + 19 + 41. Let a be ((-25)/g)/(15/(-54)). Suppose -a*s + 8*s - 1538 = 0. Is s prime?
True
Suppose 0*x = 9*x - 30*x + 394527. Is x a composite number?
False
Suppose 6*d - 9*d + 15 = 0. Suppose -5*n + 10*n = d*z - 50570, 3*z + 5*n - 30302 = 0. Suppose 3*f - z = -4*u - 2*f, -3*f + 15 = 0. Is u a prime number?
True
Suppose 65*i + 90 = 68*i. Suppose 4*a - 18 = -i, 5*u - a - 9238 = 0. Is u prime?
True
Suppose 21*h - 207574 = -k + 20*h, 0 = -4*k + 3*h + 830289. Is k a composite number?
True
Let k(s) be the first derivative of 1041*s**2 - 173*s + 233. Is k(3) composite?
False
Let h(w) = -32*w + 31. Let i = 276 - 321. Is h(i) composite?
False
Let l = -9691 - -16970. Is l a prime number?
False
Let o = 4638 + 4608. Let x = -5287 + o. Is x prime?
False
Let m = 88 + -71. Let v = 13 - m. Let b(d) = -3*d**3 + 3*d**2 - 4*d - 3. Is b(v) a composite number?
True
Let f(p) be the first derivative of -p**5/2 + p**4/3 - 3*p**3/2 - 7*p**2/2 + 23*p - 24. Let u(s) be the first derivative of f(s). Is u(-4) a composite number?
False
Let s be (-18)/(-10)*60/9. Let y(n) = 14*n + 140 - 137 + s*n. Is y(7) a prime number?
False
Let i = -24 + 114. Suppose -22*q + i = -12*q. Suppose q*z = 12*z - 3939. Is z a prime number?
False
Suppose -f = 1, -4*a - 4*f = -0*a - 72. Suppose -a*h + 16018 = -18*h. Suppose -6*t + t = -d - 16016, -h = -5*t + 3*d. Is t prime?
True
Let i = 122695 - 85254. Is i a composite number?
False
Let o = 77 + -88. Let k(v) = 2*v**2 + 12*v + 20. Let g be k(o). Suppose 3*p - g - 35 = 0. Is p a composite number?
True
Let k = 68881 - -165918. Is k prime?
True
Suppose -7*t = 19*t. Suppose t = f - 3*u - 22486, -2*f + 56268 - 11321 = -u. Is f prime?
False
Let y(d) be the first derivative of -5*d**4/2 + 11*d**3/6 - 11*d**2/2 - 19. Let a(l) be the second derivative of y(l). Is a(-9) a prime number?
False
Let h be 15979 + 1/((-9)/(-72)). Suppose -9581 = -3*b + 4*q, -3*q + 5*q = 5*b - h. Is b prime?
False
Let z(u) = u**3 - 7*u**2 + 7*u - 2. Let m be z(6). Suppose -m*s - 3 - 5 = 0. Let h(w) = -9*w**3 + 3*w**2 + 7*w - 3. Is h(s) a composite number?
False
Let m(n) = 24445*n - 5824. Is m(15) a prime number?
True
Suppose -28*d - 27*d - 102407991 = -76*d. Is d a prime number?
False
Let l be (7/7)/(-9) - (-111)/27. Suppose -2*m + 2594 = l*t, 7 = -3*m + 4. Is t prime?
False
Suppose l - 110800 = -13*p + 11*p, 3*l = 18. Is p a prime number?
False
Let i(a) = 3486*a**2 - 67*a + 888. Is i(17) a composite number?
False
Let w = 93127 + 40026. Is w a composite number?
False
Let z = 643729 + -304386. Is z prime?
False
Suppose 50*k - 56*k = -287*k + 17497027. Is k composite?
True
Suppose 5641798 + 629856 = 61*w. Is w a prime number?
False
Let f(l) = 152*l**3 - 19*l**2 + 13*l - 133. Is f(8) a composite number?
False
Suppose -5 = -5*d, 2923757 = 4*b - 2*d - 4238589. Is b a prime number?
True
Is (-6)/33 + 2341344/1056 composite?
True
Suppose -5*v = -4*h - 14501, 27*v - 3*h + 5782 = 29*v. Is v a prime number?
True
Let w = -220327 - -382078. Is w a composite number?
True
Let p = 2 - 0. Suppose -4*g = -p*g - 2082. Let v = 1598 - g. Is v a prime number?
True
Suppose 2*q + q = -2*r + 18, -r - 4*q = -19. Suppose -m = i - 13, -2*i - 2 = -r*m - 8. Is 1465/((1 - 6/i)*3) a composite number?
True
Let d = 74 + -70. Suppose -61243 = -3*s + d*h, -2*h = -s + 18303 + 2112. Suppose -3*w + k + s = 0, 0 = -3*w - 4*k + 3*k + 20417. Is w composite?
True
Suppose 17 = 3*c + 2*y, -14*y + 16*y - 35 = -5*c. Is c/6*(-6 + 7744/3) a composite number?
False
Let s be (8/2)/(133104/(-33272) - -4). Let r = 14667 + s. Is r a prime number?
False
Suppose 0*g - 5*x + 54 = 2*g, -2*x = 4*g - 140. Let l = -33 + g. Suppose 1477 = l*i - 4359. Is i a composite number?
False
Let c = 181 - 177. Suppose 0 = -2*a + 4*a - c, 4*q - 3*a = 5590. Is q composite?
False
Suppose 4*b = -2*i + 12, 3*b + 7*i - 2*i - 16 = 0. Let c be 4/b + 5*(-23)/(-5). Is 1329/2 - c/(-10) a prime number?
False
Let i = 113 + -831. Is (3 - (7 - 1))*i/3 composite?
True
Let w be (-4)/(-28) - (-1)/(-7). Is w - ((-135996)/(-7))/(-4) composite?
True
Suppose -k + 5*a = -0*k + 16, 5*a = 5*k. Suppose -2*l - k*x + 1266 = 0, x + 2*x = 5*l - 3217. Is l composite?
False
Suppose -332*d = -5*k - 329*d + 637974, -4*k = -d - 510389. Is k composite?
True
Is (-1 - (2 + 3)) + 264867 + 88 prime?
True
Let z(l) = 120*l**2 - 138*l - 1405. Is z(-11) composite?
False
Let f(i) = -2*i**3 - 3*i**2 - 4*i - 2. Let t be f(-2). Suppose -q + t - 1 = 0. Is ((-3)/(q/(-2)))/((-10)/(-13185)) a composite number?
True
Let a(p) = 2*p**2 - 46*p - 8. Let z be a(25). Suppose z*r + 48882 = 98*r. Is r prime?
True
Let z = -1 - -11. Suppose 3*q + 2*q - z = 0. Suppose -8*l + 4470 = q*l. Is l a prime number?
False
Let i = -132 + 36. Let c = i + 88. Is c/12*(-3030)/4 composite?
True
Let h = 323144 - -603933. Is h prime?
True
Suppose -7*u - 3*i = -9*u + 1617649, -15 = -5*i. Is u prime?
False
Suppose -3*l = 2*h + 32, 4*l + 3*h - 2*h = -41. Let i(p) = 2*p**3 + 18*p**2 - 17*p + 4. Let b be i(l). Let z = 111 + b. Is z composite?
True
Let b(h) = 8*h**2 - 8*h + 7. Let i be b(6). Let v = 52 - i. Is -2 - (4 + -2) - v a prime number?
True
Let m = 6962 - 162. Suppose -11651 = -5*t + 2*s + m, -5*t + 3*s + 18449 = 0. Is t prime?
True
Suppose 20 = -139*m + 134*m. Is (-8)/m + 0 + 449 + -2 prime?
True
Let u(w) be the second derivative of -w**5/20 + 7*w**4/12 + 10*w**3/3 - 9*w**2/2 + 2*w - 3. Is u(8) composite?
True
Let i be ((6 - 105) + 5)/(4/(-6)). Let w = -138 + i. Let p(f) = 283*f + 4. Is p(w